) + 15*u(j). What is the remainder when t(-4) is divided by 22?
19
What is the remainder when 675 is divided by 1 - (7 + -60 - 6/(-3))?
51
What is the remainder when (-9)/(-81)*537*9 is divided by 77?
75
Suppose -2*p + 4 + 16 = 0. Let u be (-2)/p - 126/(-30). Suppose 0 = 4*m + 2*v - 104, 0 = -m + u*v - v + 33. Calculate the remainder when 51 is divided by m.
24
Let b(s) = -s**2 - 24*s + 35. Suppose v = -5*q + 14, 0*q - 2*q - 12 = 2*v. What is the remainder when b(v) is divided by 30?
28
Suppose -5*t + 7 + 43 = 4*p, -15 = -5*t + 3*p. Let n(r) = r**2 + 8*r - 17. Let f = -7 - 4. Calculate the remainder when n(f) is divided by t.
4
Let v = -7 - -9. Suppose -2*y = x - 50, 4*x + y = -v*y + 210. Let o(a) = 2*a + 5. Calculate the remainder when x is divided by o(7).
16
Suppose 27*i - 1988 - 64 = 0. Calculate the remainder when i is divided by 69.
7
Let x = 191 + -157. Calculate the remainder when 167 is divided by x.
31
Suppose -5*j + 170 = 25. What is the remainder when j is divided by 6?
5
Suppose 2*u - 5*s + 77 = 4*u, -3*u = -5*s - 128. What is the remainder when ((-404)/3)/(2/(-3)) is divided by u?
38
Let s(w) = w + 16. Let o be s(-11). Suppose -n + 5 = 4*v + 24, 5*v - o*n = -55. Let d = v + 12. Calculate the remainder when d is divided by 3.
0
Let b(p) = -p**2 + 44*p + 47. Calculate the remainder when b(11) is divided by 20.
10
Suppose 0 = -2*t - 8*t + 2420. Calculate the remainder when t is divided by 27.
26
Let k(h) = -h + 18. Calculate the remainder when k(-17) is divided by 324/15 - 3/5.
14
Suppose 4*m - 197 - 59 = 4*y, -2*m + 125 = -y. Calculate the remainder when m is divided by 14.
5
Let u = -4 - -22. What is the remainder when (172/6)/(((-406)/42)/(-29)) is divided by u?
14
Let i(l) = -7*l - 57. Let f(y) = -4*y + 63. Let b be f(18). Calculate the remainder when i(b) is divided by 5.
1
Suppose k = 4*k + 3*c - 105, -3*k = -4*c - 105. What is the remainder when 67 is divided by k?
32
Suppose 2 = j - 2. Suppose 54*g - 53*g - 5 = 0. Calculate the remainder when g is divided by j.
1
Suppose -1 = -z + q + 132, 2*z - 236 = -4*q. Suppose 0 = -2*a - 2*v + z, 0 = 2*v + 2. Calculate the remainder when a is divided by 34.
31
Let k = -4 - 0. Let f = -245 - -284. What is the remainder when f is divided by (16/20)/(k/(-50))?
9
Let u(n) = -3*n + 45. Calculate the remainder when u(13) is divided by (-4)/(-22) + (-62)/(-22).
0
Let v(z) = -5*z + 202. Calculate the remainder when v(13) is divided by 133.
4
Let v(k) = k**3 + 7*k**2 + 3*k + 1. Calculate the remainder when 357 is divided by v(-6).
15
Let l be 0/(-3 - (-1 + -4)). Calculate the remainder when (-2 - l)*31/(-2) is divided by 12.
7
Let p = -29 + 32. Suppose p*m + 63 = 5*g - 30, 22 = g - 4*m. Calculate the remainder when (34 - 2/2) + 2 is divided by g.
17
Suppose 26*b - 4410 = -23*b. Let h = 11 + -4. Let j(r) = r**3 - 7*r**2 + 5*r - 4. Calculate the remainder when b is divided by j(h).
28
Suppose 2*j + w = -36, -3*j - 6 = -4*w + 70. What is the remainder when 576/(-120)*j/3 is divided by (22/3)/((-4)/(-6))?
10
Suppose 4*q + z = -4*z - 7, 5 = 5*z. Let n be 5*(-1)/(5/q). Suppose 0 = -4*p + n*y - 5*y + 86, 3*p - 3*y = 51. What is the remainder when 37 is divided by p?
17
Suppose -7*j = -4*j - 45. Suppose -j = -m - v, -2*v = v - 12. Let z = -9 + 15. Calculate the remainder when m is divided by z.
5
Let g(q) = q**2 + 11*q + 20. Let x be g(-8). Calculate the remainder when 8 is divided by x/(-2) - (-3 + 3).
0
Let c = -53 - -103. Let f(g) = g**3 + 8*g**2 + 6*g - 4. Let b be f(-7). Suppose 9*v = b*v + 102. What is the remainder when c is divided by v?
16
Calculate the remainder when (-128)/(-288) + (-662)/(-9) is divided by 41.
33
Let d(x) = 2*x**3 - 4*x**2 + 3*x - 1. Let l be d(2). Suppose -5 - l = -5*i. Suppose 30 = i*w - w. Calculate the remainder when 57 is divided by w.
27
Let n = -13 + 27. Calculate the remainder when n is divided by 10/(50/21) + (-8)/(-10).
4
Let s(k) = -7*k - 186. What is the remainder when 317 is divided by s(-32)?
13
Let f(w) = 6*w + 18*w - 5*w + 3. What is the remainder when f(4) is divided by 20?
19
Suppose 3*p - 2*p - 117 = 0. Suppose -6748*s + 6737*s = -220. Calculate the remainder when p is divided by s.
17
Let a(z) = 2*z**2 - z + 1. Let j be a(1). Suppose -v + j = -1. Suppose -v*h = i - 142, -2*i - 206 = -4*h - 0*i. What is the remainder when h is divided by 17?
15
Let d = 80 + -50. What is the remainder when 176 is divided by d?
26
Suppose -4*g + 48 = -0*g + 2*c, -5*g - c + 54 = 0. Calculate the remainder when 558 is divided by g.
8
Let u(i) = 15*i**2 - 6*i - 2. Let z = -115 - -63. Let k = -36 - z. What is the remainder when u(2) is divided by k?
14
Let n = 459 + -405. Calculate the remainder when n is divided by 15.
9
Suppose 4 = k - 5*o, -8 = -2*k - 5*o - 0*o. Suppose -158 = -3*i + w, -i + 60 + 11 = -k*w. Calculate the remainder when i is divided by 13.
12
Let p(u) = 50*u - 205. What is the remainder when p(9) is divided by 64?
53
Let q(i) = i**3 - 2*i**2 - 5*i + 9. Calculate the remainder when 116 is divided by q(5).
57
Let a = -946 - -1031. Calculate the remainder when 1359 is divided by a.
84
Let s(d) = 2*d**2 - 19*d + 186. Calculate the remainder when s(11) is divided by 74.
71
Let b be (-40)/(-18) - 1/(36/8). Suppose b*g + 0*g - 14 = 2*a, 4*g - 1 = -5*a. What is the remainder when 31 is divided by g?
3
Suppose -227*u + 6 = -229*u, c - 36 = 3*u. Calculate the remainder when 84 is divided by c.
3
Let d(x) = -1 + 0 + 0 - x**2 + x**3. Let s(p) = 20*p + 150. Calculate the remainder when s(-7) is divided by d(2).
1
Let z = 18 + -14. Suppose j - 18 = -z*y - 0*y, -72 = -4*j - 5*y. Calculate the remainder when j is divided by 5.
3
Let t(a) = 2*a**2 - 5*a - 22. Let q = 99 + -104. Calculate the remainder when t(q) is divided by (-4)/(-6) - (-104)/6.
17
What is the remainder when 34 is divided by (-1)/(-5)*64 + 5/25?
8
What is the remainder when 63 is divided by (115 - 116)/(2/(-26))?
11
Let v = 62 - 58. Let t = 60 + -20. Suppose -n - 4*n + t = 0. What is the remainder when n is divided by v?
0
Let r(n) = -n**3 + 20*n**2 - 42*n + 20. Let s be r(19). What is the remainder when 9/18 - s/6 is divided by 20?
10
Suppose -28*b + 596 = 64. Let p = -1 - -2. Let o = b - p. What is the remainder when 71 is divided by o?
17
Let k = 1112 + -1088. What is the remainder when 197 is divided by k?
5
Let k be -1 + 8 + (-1 - 2). Suppose 8*c = 3*c - n + 70, -k*n = 3*c - 42. Let y = 69 - c. Calculate the remainder when y is divided by 19.
17
Let u be 4/(-6) - 5082/(-63). Let z = 124 - u. What is the remainder when z is divided by 15?
14
Let t = -271 - -293. Calculate the remainder when t is divided by 14.
8
Let x(m) = m**2 - 4*m - 2. Let d be x(5). Suppose -c + 5*l = -7 - 1, d*c - 5*l - 34 = 0. Calculate the remainder when 49 is divided by c.
10
Suppose -36*z + 93 = -159. Let y(i) = -i**3 - 6*i**2 - i - 6. Let t be y(-6). What is the remainder when 33/(-6)*-2 - t is divided by z?
4
Suppose 0*d + 9 = 3*d. Suppose i = 2*i - d*m, 5*m + 15 = 0. What is the remainder when -15*(60/i - -3) is divided by 14?
13
What is the remainder when 80/(-16) + (850 - 1) is divided by 77?
74
Suppose -5*y = 2*x - 527, -y - y = 5*x - 1370. Suppose 0*b + 6*b = x. Calculate the remainder when b is divided by (-70)/(-6) + 3/9.
10
Calculate the remainder when 88 is divided by 11 - ((-18)/4 + 19/38).
13
Let y(v) = v**2 - 4*v - 1. Let g be (-3)/(-2 - 1) + 4. Let z be y(g). Suppose 0 = 5*c + f - 71, -z - 1 = -5*f. What is the remainder when 53 is divided by c?
11
Let t be (63/(-28))/((-6)/(-16)). Calculate the remainder when 7 is divided by (-5 + -1)/(9/t).
3
Let h = 25 + -21. Suppose -2*t + h = -2. What is the remainder when 5 is divided by t?
2
What is the remainder when 2/(-5) + ((-12208)/(-20) - 0) is divided by 88?
82
Let d(p) = 4*p**2 - 7*p + 41. Calculate the remainder when 384 is divided by d(5).
66
Let l = -82 + 303. Calculate the remainder when l is divided by 74.
73
Let z(s) = -8*s**3 - 2*s**2 + 3*s - 8. Let a(l) = 7*l**3 + 2*l**2 - 2*l + 8. Let i(p) = -6*a(p) - 5*z(p). Calculate the remainder when i(-4) is divided by 26.
22
Suppose -4*x + 2 + 5 = -r, 0 = -x + 2. Let c = 5 - r. Let b = -43 + 57. Calculate the remainder when b is divided by c.
2
Suppose -4*q = 5*y - 384, -4 = 3*y + 8. Let m = -44 + q. Suppose 4*j -